 - 12*p - 7. Let h(z) = -7*z**2 + 23*z + 14. Let j(s) = 3*h(s) + 5*u(s). What is the tens digit of j(7)?
2
What is the units digit of (-2)/12 - 314/(-12)?
6
Suppose 4*b = -b - 110. Let h = 32 + b. What is the tens digit of h?
1
Let f = 0 - -2. Suppose -3 + 15 = 4*p. Suppose p*v = f*v + 9. What is the units digit of v?
9
Let g be 1*(7 - 0)*3. Suppose -2*p - g = -5*p. What is the units digit of p?
7
Suppose 0*y - y = 3*x - 11, 4*x = -2*y + 14. Suppose x*t = t + 6. What is the units digit of t?
2
What is the units digit of (-3)/(5/(100/(-3)))?
0
Let z = 11 - -27. What is the tens digit of z?
3
Suppose -4*p - 21 = -5. Let m = -2 - p. What is the units digit of 12 - (1 - m)*-2?
0
Let x = 10 + -11. Let z be (35 + (-4)/2)/x. Let i = z + 52. What is the tens digit of i?
1
Suppose 2*z - 208 = z + 5*g, 0 = -2*g. What is the units digit of z?
8
Let n(k) = k - 3. Let v be n(7). Suppose d + 35 = -v*d - 3*p, -5*d = -5*p - 5. Let x = 9 + d. What is the units digit of x?
5
Let d(h) = -5*h + 54. What is the tens digit of d(-9)?
9
Let f(s) = -s**2 + 15*s - 3. What is the units digit of f(10)?
7
Let t(l) = -2*l**3 - 3*l**2 + 6*l + 4. What is the units digit of t(-4)?
0
Let u be (-458)/(-8) + (-2)/8. Suppose -17 = 4*v - u. What is the units digit of v?
0
Let g be 18*(6/9)/(-1). Let v be (6/g)/((-1)/8). Suppose 0 = -v*x + 24. What is the units digit of x?
6
Let j be (-1 + -1)/((-20)/50). Suppose -1 = 2*s + j*m, m + 4 = 3*s - 3. What is the units digit of s?
2
Let c(n) = 2*n**3 - 8*n**2 + 9*n + 8. What is the tens digit of c(5)?
0
Let z = 2 + 2. Suppose 6*k = z*k + 72. What is the units digit of k?
6
Let z = 29 + -41. Let u = z + 16. What is the units digit of u?
4
Let q = -1 + 1. Suppose x - 3 + q = 0. What is the units digit of x?
3
Suppose 2*g + 176 = 6*g. What is the tens digit of g?
4
Suppose 5*b = 3*y - 94, -92 = -y - 2*y + 4*b. Let l = -18 + y. What is the units digit of l?
0
Let w(s) = s**3 + 2*s**2 - 3*s. Let k be w(-3). Suppose -u + 14 = -k*u. What is the units digit of u?
4
Let v = 6 - -23. What is the tens digit of v?
2
Let x(k) be the first derivative of -k**2/2 + 2*k - 1. What is the units digit of x(1)?
1
Suppose -15 = -3*m - 3. Suppose -m = -2*g + 4. What is the units digit of g?
4
Let p(r) = -3*r - 1. What is the units digit of p(-3)?
8
What is the tens digit of -1 - -10 - (-8 + 7)?
1
Suppose -3*p + 2*c = 13, p = -p + 2*c - 10. Let i = 12 + p. What is the units digit of i?
9
Let u = 1 - 1. Suppose v - 9 - 2 = u. Suppose 4*j = v + 1. What is the units digit of j?
3
What is the units digit of 9*(-3)/6*-8?
6
Let w = -66 - -126. Suppose -4*v + 0*v = -w. What is the tens digit of v?
1
Let l = 3 + 4. What is the units digit of l?
7
Let s(o) = -15*o - 5. Let w(l) = -8*l - 2. Let a(r) = 3*s(r) - 7*w(r). What is the tens digit of a(1)?
1
Suppose 28*k = 25*k + 264. What is the tens digit of k?
8
Let s = -27 + 284. What is the hundreds digit of s?
2
Let u(z) = -z**2 - 16*z - 2. Suppose -4*a = 12 + 28. What is the tens digit of u(a)?
5
Let b be 1*(-3)/(-2)*2. Suppose l = -3*c + 11, -4*c + 22 = b*l + 4. What is the units digit of (-1)/(c/12*-2)?
2
Let j be (1/(-2))/((-2)/4). Let v be (-2)/(-5)*(j + -6). What is the units digit of (-13)/v - 1/(-2)?
7
Suppose h + g + g - 4 = 0, 4*h - 2*g = 6. What is the units digit of h?
2
Let s(m) = m**3 - 5*m**2 + 4*m - 3. Let u(k) = k - 1. Let g be u(5). Let z be s(g). Let v = 8 + z. What is the units digit of v?
5
Let l(b) be the second derivative of b**7/1260 + b**6/240 - b**5/24 + b**4/4 - b. Let s(u) be the third derivative of l(u). What is the units digit of s(-4)?
5
Let j(a) = 2*a**2 - 4*a - 1. Let m be j(3). Suppose 2*p + m = -1. What is the units digit of (-1 + -5)/(-5 - p)?
3
Let l = 120 - 71. What is the units digit of l?
9
Let t(g) = 2*g**2 - 6*g + 12. Let j be t(5). Suppose 10 = z - j. What is the units digit of z?
2
Let n(y) = -y**3 + 12*y**2 - y + 8. What is the units digit of n(7)?
6
Suppose -2*h = 2*f + 4, 2*f - 21 = 5*h + 10. What is the units digit of f?
3
Let t be (-9)/12 - (-282)/(-8). Let g = t + 70. What is the units digit of g?
4
What is the tens digit of ((-137)/2)/((-2)/4)?
3
Let f be (1/2)/((-1)/80). Let a be f/18 + (-10)/(-45). Let l = a + 4. What is the units digit of l?
2
Suppose 0 = -4*z - 4*g + 164, 6*g = g + 20. What is the tens digit of z?
3
Let z(m) = -45*m**3 - 2*m**2 - 3*m - 2. What is the tens digit of z(-1)?
4
Let u be 3/12 - 6/(-8). Suppose -p + 0 = -u. What is the units digit of p?
1
Suppose i = -2*j + 4*j - 23, -j + 39 = 5*i. Suppose -5*v = j - 49. What is the units digit of v?
7
What is the units digit of 10*(2 - 4/(32/12))?
5
Let s(g) = -g**2 - 15*g - 11. Let a be s(-13). What is the tens digit of ((-5)/a)/(2/(-258))?
4
Let u(d) = 8*d**2 - 4*d + 2. What is the units digit of u(3)?
2
Let c = -31 - -59. What is the units digit of c?
8
Suppose -d - 12 = -3. Let w(k) = k**3 + 8*k**2 - 12*k - 3. What is the units digit of w(d)?
4
What is the tens digit of 2/11 + (-3066)/(-77)?
4
Let s(r) = -r + 12. Let q be s(9). Suppose q*c - 69 = -6. What is the tens digit of c?
2
Suppose 2*t + 4*f = 4*t - 38, -t + 18 = -3*f. Let j = 34 - t. What is the units digit of j?
3
Suppose -20*v + 3480 = -12*v. What is the tens digit of v?
3
Let i(j) = -j + 8. Let p(v) = v. Let u be p(3). Suppose -5*l = -u*l. What is the units digit of i(l)?
8
Let o be 164/14 - (-4)/14. Suppose 0*d + d = -u + 4, 2*u = 3*d - o. Suppose -d*x + 2*x = -6. What is the units digit of x?
3
What is the tens digit of 0 - (1 - -2) - -197?
9
Let u(s) be the third derivative of -s**6/120 + 2*s**5/15 + s**4/24 - 2*s**3/3 - 5*s**2. What is the units digit of u(8)?
4
Suppose 3 = -o + 2. Let t(n) be the second derivative of -3*n**5/20 - n**4/12 - n**3/3 - n**2/2 + 3*n. What is the units digit of t(o)?
3
What is the hundreds digit of ((-3)/((-18)/(-16)))/(10/(-405))?
1
Suppose 0*r + 16 = 4*r. Suppose -y = r*y - 35. What is the units digit of y?
7
Let l(i) = -2*i + 1. Suppose 0 = 3*t - 15, 0*t + 7 = 2*z + 3*t. Let u be l(z). Suppose -u = -5*w + 16. What is the units digit of w?
5
Suppose -9 = -4*g + 4*w + 131, w + 72 = 2*g. What is the tens digit of g?
3
Suppose 0 = -17*l + 15*l + 56. What is the units digit of l?
8
Suppose -4*s - 4*q + 20 = -0*q, 5*s - q - 7 = 0. Suppose -3*m + 30 = -s*g - 22, -4*g + 76 = 3*m. What is the units digit of m?
0
Let d(s) = 2*s**2 + 8*s + 13. Let i(k) = k**2 + 8*k + 12. Let f(y) = 2*d(y) - 3*i(y). Let o be f(10). What is the units digit of 60/3*4/o?
8
Let n(j) = 11*j**2 - 9*j + 3. What is the hundreds digit of n(4)?
1
Let o = 16 - 19. What is the tens digit of 0 - 3/o*38?
3
Let u(r) = 4*r + 3. Let z(c) = 11*c + 9. Let t(l) = -8*u(l) + 3*z(l). What is the units digit of t(5)?
8
Suppose 3 = r + 8, 0 = 4*x + 3*r - 53. Suppose p = 2 - 3, 3*p - x = -2*u. What is the tens digit of u?
1
Let r(x) = 23*x - 1. Let c be r(2). Suppose -f = 4*f - c. What is the units digit of f?
9
Let i(w) = 2*w**2 - 8*w + 3. Let b be i(4). Suppose -4*k = -18 - 22. Suppose -b*v + 3 = p, 2*p - 2*v - k = 4. What is the units digit of p?
6
Let u(c) = -3*c - 2. Let y be u(-8). Suppose 3*f + y = 4. Let v(q) = -q - 5. What is the units digit of v(f)?
1
Let j(g) = -14*g - 9. What is the tens digit of j(-4)?
4
Let q(b) = -b + 2 + 2*b - 2*b. Suppose 0*f - 5*f - 25 = 0. What is the units digit of q(f)?
7
Let s = 5 - -5. Suppose q - 48 = -s. What is the units digit of q?
8
Suppose 0 = h - 0*h - 9. What is the units digit of h?
9
Suppose 3*d = u + 7, u = -d - 1 + 14. Let p = 7 + u. What is the units digit of p?
5
Let m(c) = 3*c**2 + 4*c + 10. Let s(g) = g**2 + 8*g + 3. Let z be s(-7). What is the units digit of m(z)?
2
Let u be 5*(34/10 - -1). Let w = 15 - u. Let r(o) = -o**2 - 10*o - 7. What is the tens digit of r(w)?
1
Suppose -2*d = -7*d + 890. What is the hundreds digit of d?
1
Let o(h) = -40*h + 3. Let k be o(3). What is the units digit of 6/(-8) + k/(-12)?
9
Let p(u) = -u**3 - 12*u**2 - 5*u - 1. What is the units digit of p(-12)?
9
Suppose -3*b + 76 = -b. What is the tens digit of b?
3
Suppose 2*w + 9 = 5*w. Let u(l) = 8*l**2 + 4*l - 3. Let r(o) = -7*o**2 - 3*o + 3. Let k(i) = 7*r(i) + 6*u(i). What is the units digit of k(w)?
3
Suppose l + 21 = 5*z, 3*z - 23 = -2*l - 0*l. Let c be 48/28 + l/14. What is the units digit of 17/c + 6/(-4)?
7
Let l be 